87?
8
What is the ten thousands digit of 110343653?
4
What is the ten thousands digit of 688231610?
3
What is the units digit of 84008508?
8
What is the hundred millions digit of 380455549?
3
What is the millions digit of 254315570?
4
What is the thousands digit of 60288484?
8
What is the millions digit of 911425687?
1
What is the tens digit of 4874337146?
4
What is the thousands digit of 4901353561?
3
What is the hundreds digit of 5124982?
9
What is the hundred thousands digit of 174188005?
1
What is the ten thousands digit of 130372505?
7
What is the units digit of 246808986?
6
What is the ten thousands digit of 1033170433?
7
What is the units digit of 250407157?
7
What is the hundred millions digit of 456626539?
4
What is the tens digit of 252054093?
9
What is the thousands digit of 1098389990?
9
What is the units digit of 1176293669?
9
What is the hundred thousands digit of 483303758?
3
What is the tens digit of 27353514?
1
What is the ten millions digit of 501166523?
0
What is the ten millions digit of 3321189201?
2
What is the units digit of 137096504?
4
What is the millions digit of 1159724391?
9
What is the hundred millions digit of 798350244?
7
What is the hundred thousands digit of 1753948861?
9
What is the hundreds digit of 996902102?
1
What is the tens digit of 324670070?
7
What is the hundred thousands digit of 2938220?
9
What is the thousands digit of 221380212?
0
What is the ten thousands digit of 355005893?
0
What is the ten millions digit of 809391037?
0
What is the tens digit of 105796569?
6
What is the ten thousands digit of 2542489?
4
What is the millions digit of 4445949004?
5
What is the tens digit of 70543836?
3
What is the hundred thousands digit of 32314931?
3
What is the millions digit of 426957236?
6
What is the hundreds digit of 173320168?
1
What is the hundred thousands digit of 3464796795?
7
What is the hundred millions digit of 518514422?
5
What is the units digit of 2598528872?
2
What is the hundred millions digit of 125289821?
1
What is the millions digit of 14136962?
4
What is the billions digit of 2184663011?
2
What is the units digit of 942156439?
9
What is the ten millions digit of 25704526?
2
What is the tens digit of 206985383?
8
What is the millions digit of 75803090?
5
What is the hundred thousands digit of 63705073?
7
What is the hundred millions digit of 233077391?
2
What is the ten thousands digit of 124909486?
0
What is the hundred thousands digit of 34937847?
9
What is the millions digit of 11941671?
1
What is the hundred thousands digit of 645396424?
3
What is the millions digit of 8240343922?
0
What is the hundreds digit of 37103859?
8
What is the millions digit of 4524652166?
4
What is the ten thousands digit of 2088900?
8
What is the units digit of 20868565?
5
What is the thousands digit of 44192276?
2
What is the ten millions digit of 501937461?
0
What is the millions digit of 32861764?
2
What is the hundreds digit of 32890565?
5
What is the tens digit of 61079415?
1
What is the tens digit of 38882119?
1
What is the ten thousands digit of 1923475377?
7
What is the units digit of 71502027?
7
What is the billions digit of 4164759262?
4
What is the tens digit of 1243115902?
0
What is the units digit of 6731548442?
2
What is the hundred thousands digit of 16903909?
9
What is the hundred thousands digit of 77073866?
0
What is the ten thousands digit of 44954349?
5
What is the millions digit of 3603067020?
3
What is the ten thousands digit of 5496380101?
8
What is the hundred millions digit of 1036823990?
0
What is the hundreds digit of 269926067?
0
What is the units digit of 632928298?
8
What is the units digit of 140775041?
1
What is the units digit of 915970514?
4
What is the tens digit of 352794594?
9
What is the hundred thousands digit of 96126493?
1
What is the tens digit of 1521973682?
8
What is the millions digit of 277356974?
7
What is the hundreds digit of 122871218?
2
What is the units digit of 54983347?
7
What is the millions digit of 16670770?
6
What is the ten thousands digit of 24905365?
0
What is the tens digit of 84145304?
0
What is the ten thousands digit of 190439154?
3
What is the hundreds digit of 1778958523?
5
What is the thousands digit of 1239111770?
1
What is the units digit of 2182561594?
4
What is the tens digit of 1623168055?
5
What is the hundred thousands digit of 65791896?
7
What is the millions digit of 54534902?
4
What is the ten thousands digit of 497555449?
5
What is the ten thousands digit of 32415838?
1
What is the hundred thousands digit of 212134092?
1
What is the billions digit of 1867729896?
1
What is the ten thousands digit of 248681837?
8
What is the ten millions digit of 101330349?
0
What is the hundreds digit of 113903168?
1
What is the ten thousands digit of 775083464?
8
What is the millions digit of 363957004?
3
What is the hundred thousands digit of 1124198371?
1
What is the hundreds digit of 2587669746?
7
What is the tens digit of 5862199?
9
What is the tens digit of 719331952?
5
What is the hundred millions digit of 436986543?
4
What is the tens digit of 77303844?
4
What is the millions digit of 1108467?
1
What is the ten thousands digit of 316641875?
4
What is the ten thousands digit of 5765705369?
0
What is the tens digit of 279410975?
7
What is the hundred millions digit of 189242505?
1
What is the hundred thousands digit of 154085656?
0
What is the billions digit of 1058922768?
1
What is the units digit of 440941060?
0
What is the hundreds digit of 3867148163?
1
What is the hundred thousands digit of 114521895?
5
What is the thousands digit of 7151445?
1
What is the thousands digit of 4415698056?
8
What is the ten millions digit of 150487215?
5
What is the units digit of 1848846144?
4
What is the millions digit of 302318563?
2
What is the tens digit of 15553045?
4
What is the millions digit of 157316760?
7
What is the ten millions digit of 27148179?
2
What is the tens digit of 3508007353?
5
What is the tens digit of 171307037?
3
What is the tens digit of 143386710?
1
What is the ten thousands digit of 117592137?
9
What is the thousands digit of 48459479?
9
What is the ten thousands digit of 7458122?
5
What is the tens digit of 3574219005?
0
What is the ten thousands digit of 243533154?
3
What is the ten thousands digit of 19906793?
0
What is the units digit of 59383506?
6
What is the hundred thousands digit of 1909314707?
3
What is the hundred thousands digit of 27733126?
7
What is the ten thousands digit of 806126?
0
What is the tens digit of 509233553?
5
What is the ten thousands digit of 1071274385?
7
What is the thousands digit of 138045219?
5
What is the millions digit of 91046691?
1
What is the hundreds digit of 894280193?
1
What is the units digit of 921330737?
7
What is the millions digit of 137227667?
7
What is the hundred thousands digit of 12329957?
3
What is the ten thousands digit of 762910927?
1
What is the units digit of 321969043?
3
What is the ten thousands digit of 169022328?
2
What is the thousands digit of 693749299?
9
What is the ten millions digit of 4751982943?
5
What is the ten millions digit of 1061164122?
6
What is the millions digit of 482939031?
2
What is the hundreds digit of 58318567?
5
What is the thousands digit of 12153352?
3
What is the ten thousands digit of 336121211?
2
What is the thousands digit of 37738598?
8
What is the hundreds digit of 87319743?
7
What is the hundred thousands digit of 2669675057?
6
What is the ten thousands digit of 1704278429?
7
What is the units digit of 5777714?
4
What is the units digit of 1540146578?
8
What is the ten millions digit of 2569708405?
6
What is the ten thousands digit of 32428777?
2
What is the tens digit of 4342514?
1
What is the millions digit of 134404144?
4
What is the ten millions digit of 56115075?
5
What is the hundred thousands digit of 56142718?
1
What is the hundred thousands digit of 305534701?
5
What is the millions digit of 14495822?
4
What is the millions digit of 73360347?
3
What is the tens digit of 81755075?
7
What is the ten millions digit of 611964594?
1
What is the hundred thousands digit of 674556870?
5
What is the tens digit of 800946624?
2
What is the millions digit of 53582438?
3
What is the thousands digit of 1918541078?
1
What is the tens 